reds digit of 427?
4
What is the tens digit of 55?
5
What is the units digit of 71767?
7
What is the units digit of 14405?
5
What is the thousands digit of 2952?
2
What is the units digit of 2971?
1
What is the units digit of 98?
8
What is the hundreds digit of 23853?
8
What is the hundreds digit of 515?
5
What is the units digit of 10892?
2
What is the hundreds digit of 3393?
3
What is the tens digit of 66107?
0
What is the hundred thousands digit of 163880?
1
What is the units digit of 1840?
0
What is the tens digit of 3755?
5
What is the hundreds digit of 15944?
9
What is the tens digit of 18051?
5
What is the thousands digit of 1208?
1
What is the units digit of 2366?
6
What is the hundreds digit of 375?
3
What is the thousands digit of 3778?
3
What is the tens digit of 13987?
8
What is the hundreds digit of 33832?
8
What is the tens digit of 1955?
5
What is the thousands digit of 1549?
1
What is the hundreds digit of 615?
6
What is the tens digit of 39698?
9
What is the units digit of 82?
2
What is the tens digit of 34724?
2
What is the tens digit of 2972?
7
What is the tens digit of 17425?
2
What is the tens digit of 3002?
0
What is the hundreds digit of 1431?
4
What is the tens digit of 4711?
1
What is the tens digit of 9484?
8
What is the thousands digit of 29665?
9
What is the hundreds digit of 3489?
4
What is the tens digit of 2228?
2
What is the hundreds digit of 54105?
1
What is the ten thousands digit of 15104?
1
What is the ten thousands digit of 48290?
4
What is the units digit of 35626?
6
What is the tens digit of 649?
4
What is the hundreds digit of 7272?
2
What is the hundreds digit of 3460?
4
What is the hundreds digit of 686?
6
What is the thousands digit of 45564?
5
What is the hundreds digit of 14298?
2
What is the hundreds digit of 6092?
0
What is the hundreds digit of 3753?
7
What is the thousands digit of 18722?
8
What is the units digit of 10166?
6
What is the units digit of 592?
2
What is the tens digit of 2800?
0
What is the thousands digit of 8063?
8
What is the units digit of 91206?
6
What is the tens digit of 6372?
7
What is the units digit of 5156?
6
What is the thousands digit of 56256?
6
What is the units digit of 421?
1
What is the tens digit of 15962?
6
What is the units digit of 61?
1
What is the ten thousands digit of 22263?
2
What is the tens digit of 547?
4
What is the units digit of 136237?
7
What is the thousands digit of 3593?
3
What is the ten thousands digit of 33752?
3
What is the thousands digit of 11042?
1
What is the tens digit of 1012?
1
What is the hundreds digit of 45681?
6
What is the units digit of 51272?
2
What is the units digit of 15528?
8
What is the ten thousands digit of 59361?
5
What is the hundreds digit of 2774?
7
What is the units digit of 1074?
4
What is the hundreds digit of 570?
5
What is the units digit of 20263?
3
What is the hundreds digit of 1753?
7
What is the thousands digit of 1306?
1
What is the thousands digit of 2025?
2
What is the thousands digit of 1159?
1
What is the tens digit of 1883?
8
What is the units digit of 33531?
1
What is the hundreds digit of 14140?
1
What is the units digit of 23011?
1
What is the hundreds digit of 615?
6
What is the thousands digit of 33290?
3
What is the tens digit of 2675?
7
What is the tens digit of 156571?
7
What is the ten thousands digit of 52128?
5
What is the units digit of 7454?
4
What is the hundreds digit of 2009?
0
What is the ten thousands digit of 179770?
7
What is the ten thousands digit of 32444?
3
What is the thousands digit of 21995?
1
What is the ten thousands digit of 27274?
2
What is the hundreds digit of 218?
2
What is the hundred thousands digit of 117662?
1
What is the hundreds digit of 224?
2
What is the ten thousands digit of 59638?
5
What is the hundreds digit of 2389?
3
What is the hundred thousands digit of 161135?
1
What is the tens digit of 816?
1
What is the tens digit of 39?
3
What is the ten thousands digit of 30639?
3
What is the thousands digit of 33501?
3
What is the ten thousands digit of 11209?
1
What is the units digit of 26184?
4
What is the tens digit of 7058?
5
What is the ten thousands digit of 84432?
8
What is the hundreds digit of 2939?
9
What is the ten thousands digit of 11576?
1
What is the units digit of 319?
9
What is the units digit of 1707?
7
What is the hundreds digit of 30905?
9
What is the hundreds digit of 9178?
1
What is the thousands digit of 7192?
7
What is the thousands digit of 71197?
1
What is the hundreds digit of 5304?
3
What is the hundreds digit of 399?
3
What is the hundreds digit of 7221?
2
What is the units digit of 4774?
4
What is the hundreds digit of 10112?
1
What is the thousands digit of 9965?
9
What is the units digit of 3157?
7
What is the units digit of 407?
7
What is the hundreds digit of 1762?
7
What is the tens digit of 2150?
5
What is the hundreds digit of 98020?
0
What is the thousands digit of 2288?
2
What is the tens digit of 294?
9
What is the hundred thousands digit of 137244?
1
What is the units digit of 428?
8
What is the units digit of 8885?
5
What is the ten thousands digit of 73210?
7
What is the hundreds digit of 2243?
2
What is the thousands digit of 22706?
2
What is the units digit of 7404?
4
What is the units digit of 2637?
7
What is the tens digit of 3895?
9
What is the tens digit of 7106?
0
What is the units digit of 5936?
6
What is the units digit of 92056?
6
What is the thousands digit of 4285?
4
What is the units digit of 6269?
9
What is the hundreds digit of 31755?
7
What is the hundreds digit of 453?
4
What is the hundreds digit of 1132?
1
What is the tens digit of 21315?
1
What is the tens digit of 95882?
8
What is the hundreds digit of 542?
5
What is the thousands digit of 1293?
1
What is the hundreds digit of 2453?
4
What is the units digit of 3208?
8
What is the tens digit of 749?
4
What is the thousands digit of 1117?
1
What is the units digit of 3208?
8
What is the ten thousands digit of 29288?
2
What is the hundreds digit of 68554?
5
What is the tens digit of 217?
1
What is the tens digit of 21606?
0
What is the tens digit of 73?
7
What is the ten thousands digit of 73861?
7
What is the hundreds digit of 4202?
2
What is the hundreds digit of 13078?
0
What is the units digit of 60?
0
What is the tens digit of 2624?
2
What is the units digit of 36022?
2
What is the tens digit of 1455?
5
What is the units digit of 1229?
9
What is the units digit of 2220?
0
What is the thousands digit of 21909?
1
What is the ten thousands digit of 75601?
7
What is the units digit of 14693?
3
What is the thousands digit of 48364?
8
What is the thousands digit of 1413?
1
What is the units digit of 1240?
0
What is the tens digit of 3593?
9
What is the units digit of 60240?
0
What is the tens digit of 82939?
3
What is the units digit of 12?
2
What is the tens digit of 4050?
5
What is the units digit of 539?
9
What is the hundreds digit of 4956?
9
What is the thousands digit of 18834?
8
What is the thousands digit of 1077?
1
What is the hundreds digit of 55981?
9
What is the units digit of 538?
8
What is the ten thousands digit of 13563?
1
What is the thousands digit of 71993?
1
What is the tens digit of 58573?
7
What is the hundreds digit of 1512?
5
What is the tens digit of 79746?
4
What is the units digit of 480?
0
What is the units digit of 55587?
7
What is the thousands digit of 10188?
0
What is the hundreds digit of 3057?
0
What is the tens digit of 109504?
0
What is the units digit of 2466?
6
What is the units digit of 11761?
1
What is the units digit of 4924?
4
What is the thousands digit of 5125?
5
What is the thousands digit of 1602?
1
What is the thousands digit of 5576?
5
What is the hundreds digit of 3192?
1
What is the thousands digit of 2642?
2
What is the hundreds digit of 18794?
7
What is the hundreds digit of 86435?
4
What is the tens digit of 2808?
0
What is the hundreds digit of 9836?
8
What is the hundreds digit of 4301?
3
What is the tens digit of 7772?
7
What is the hundreds digit of 2316?
3
What is the hundreds digit of 1499?
4
What is the tens digit of 7936?
3
What is the hundreds digit of 223?
2
What is the hundreds digit of 4353?
3
What is the hundreds digit of 21335?
3
What is the thousands digit of 1465?
1
What is the t